{"id":5735,"date":"2025-12-09T19:51:17","date_gmt":"2025-12-09T22:51:17","guid":{"rendered":"https:\/\/emad-caba.infd.edu.ar\/sitio\/?page_id=5735"},"modified":"2026-02-20T19:25:06","modified_gmt":"2026-02-20T22:25:06","slug":"formacion-del-actor-actriz-2026","status":"publish","type":"page","link":"https:\/\/emad-caba.infd.edu.ar\/sitio\/formacion-del-actor-actriz-2026\/","title":{"rendered":"FORMACI\u00d3N DEL ACTOR-ACTRIZ 2026"},"content":{"rendered":"\n<figure class=\"wp-block-image size-full\"><img decoding=\"async\" loading=\"lazy\" width=\"1200\" height=\"300\" src=\"https:\/\/emad-caba.infd.edu.ar\/sitio\/wp-content\/uploads\/2024\/10\/CFAA.png\" alt=\"\" class=\"wp-image-5360\" srcset=\"https:\/\/emad-caba.infd.edu.ar\/sitio\/wp-content\/uploads\/2024\/10\/CFAA.png 1200w, https:\/\/emad-caba.infd.edu.ar\/sitio\/wp-content\/uploads\/2024\/10\/CFAA-1000x250.png 1000w, https:\/\/emad-caba.infd.edu.ar\/sitio\/wp-content\/uploads\/2024\/10\/CFAA-768x192.png 768w\" sizes=\"(max-width: 1200px) 100vw, 1200px\" \/><\/figure>\n\n\n\n<p><strong>MON\u00d3LOGOS INGRESO EMAD 2026<\/strong> <a href=\"https:\/\/emad-caba.infd.edu.ar\/sitio\/wp-content\/uploads\/2026\/02\/Monologos.-Ingreso-EMAD-2026.pdf\" data-type=\"URL\" data-id=\"https:\/\/emad-caba.infd.edu.ar\/sitio\/wp-content\/uploads\/2026\/02\/Monologos.-Ingreso-EMAD-2026.pdf\" target=\"_blank\" rel=\"noreferrer noopener\">Descarga<\/a><\/p>\n\n\n\n<p><a href=\"https:\/\/buenosaires.gob.ar\/cultura\/ensenanza-artistica\/escuela-metropolitana-de-arte-dramatico-emad\/siu-guarani\" data-type=\"URL\" data-id=\"https:\/\/buenosaires.gob.ar\/cultura\/ensenanza-artistica\/escuela-metropolitana-de-arte-dramatico-emad\/siu-guarani\" target=\"_blank\" rel=\"noreferrer noopener\">PREINSCRIPCION SIU GUARANI<\/a><\/p>\n\n\n\n<p><strong>INSCRIPCI\u00d3N CICLO LECTIVO 2026 &#8211; EMAD<\/strong><\/p>\n\n\n\n<p>El plan de estudios completo puede consultarse en la p\u00e1gina de la EMAD:&nbsp;<strong>FORMACI\u00d3N DEL ACTOR-ACTRIZ.<\/strong><\/p>\n\n\n\n<p><strong>Horario de la cursada:<\/strong>&nbsp;<\/p>\n\n\n\n<p>Turno Matutino: de LUNES a VIERNES de 09:00 hs a 14:00 hs.<\/p>\n\n\n\n<p>Turno Vespertino: de LUNES a VIERNES de 18:00 hs a 23:00 hs.<\/p>\n\n\n\n<p><strong>Lugar:<\/strong>&nbsp; SARMIENTO 2573, CABA.<\/p>\n\n\n\n<p><strong><u>PREINSCRIPCI\u00d3N V\u00cdA FORMULARIO ONLINE (OBLIGATORIO):<\/u><\/strong><\/p>\n\n\n\n<p><strong>Periodo <\/strong>del <strong>5\/12\/2025<\/strong> al <strong>9\/02\/2026<\/strong> hasta las <strong>23:59 h<\/strong>.<\/p>\n\n\n\n<p><strong>FORMULARIO DE INSCRIPCI\u00d3N<\/strong><\/p>\n\n\n\n<p><a rel=\"noreferrer noopener\" href=\"https:\/\/forms.gle\/ibirNBGqwdGNZNW47\" target=\"_blank\">https:\/\/forms.gle\/ibirNBGqwdGNZNW47<\/a><\/p>\n\n\n\n<figure class=\"wp-block-image size-full is-resized\"><img decoding=\"async\" loading=\"lazy\" src=\"https:\/\/emad-caba.infd.edu.ar\/sitio\/wp-content\/uploads\/2025\/12\/Cartel-CFAA-1.jpg\" alt=\"\" class=\"wp-image-5857\" width=\"700\" height=\"288\" srcset=\"https:\/\/emad-caba.infd.edu.ar\/sitio\/wp-content\/uploads\/2025\/12\/Cartel-CFAA-1.jpg 927w, https:\/\/emad-caba.infd.edu.ar\/sitio\/wp-content\/uploads\/2025\/12\/Cartel-CFAA-1-768x316.jpg 768w\" sizes=\"(max-width: 700px) 100vw, 700px\" \/><\/figure>\n\n\n\n<p><\/p>\n\n\n\n<figure class=\"wp-block-image size-full is-resized\"><img decoding=\"async\" loading=\"lazy\" src=\"https:\/\/emad-caba.infd.edu.ar\/sitio\/wp-content\/uploads\/2025\/12\/fecha-limite.jpg\" alt=\"\" class=\"wp-image-5774\" width=\"701\" height=\"189\"\/><\/figure>\n\n\n\n<p>Bono Cooperadora (Monto a definir en febrero 2026). <\/p>\n\n\n\n<ul>\n<li>Se coordinar\u00e1 con la Regencia como abonarlo.<\/li>\n<\/ul>\n\n\n\n<p><\/p>\n\n\n\n<p><strong><u>SOBRE EL PERIODO DE INGRESO<\/u><\/strong><\/p>\n\n\n\n<p><strong>CADA ASPIRANTE DEBER\u00c1 TENER DISPONIBILIDAD HORARIA SEG\u00daN EL TURNO ELEGIDO:<\/strong><\/p>\n\n\n\n<ul>\n<li>Turno Matutino de 09:30 h a 12:30 h.<\/li>\n\n\n\n<li>Turno Vespertino de 18:30 h a 21:30 h.<\/li>\n\n\n\n<li>INDISTINTO de 09:30 h a 12:30 h. \u00f3 de 18:30 h a 21:30 h.<\/li>\n<\/ul>\n\n\n\n<p>En el momento de la inscripci\u00f3n, a cada aspirante se le asignar\u00e1 una <strong>COMISI\u00d3N<\/strong> con la cual desarrollar\u00e1 la primera etapa del periodo de ingreso. El cronograma con las fechas correspondientes a cada <strong>COMISI\u00d3N<\/strong>, figura en el <strong>PUNTO 3.<\/strong><\/p>\n\n\n\n<p><strong><u>REUNI\u00d3N INFORMATIVA CON DOCENTES DE LA CARRERA SOBRE LA MODALIDAD DEL PERIODO DE INGRESO:<\/u><\/strong><\/p>\n\n\n\n<ul>\n<li>Aspirantes al Turno Matutino: mi\u00e9rcoles <strong>18\/02\/2026<\/strong> de 9 a 11 hs<\/li>\n\n\n\n<li>Aspirantes al Turno Vespertino: mi\u00e9rcoles <strong>18\/02\/2026<\/strong> de 18 a 20 hs<\/li>\n\n\n\n<li>Aspirantes INDISTINTO: ser\u00e1n citados de acuerdo a los cupos disponibles en cada turno.<\/li>\n<\/ul>\n\n\n\n<figure class=\"wp-block-image size-full\"><img decoding=\"async\" loading=\"lazy\" width=\"1677\" height=\"1133\" src=\"https:\/\/emad-caba.infd.edu.ar\/sitio\/wp-content\/uploads\/2025\/12\/FORMACION-DEL-ACTOR-ACTRIZ-CRONOGRAMA-INGRESOS-CFAA-2026-Feb_page-0001.jpg\" alt=\"\" class=\"wp-image-5886\" srcset=\"https:\/\/emad-caba.infd.edu.ar\/sitio\/wp-content\/uploads\/2025\/12\/FORMACION-DEL-ACTOR-ACTRIZ-CRONOGRAMA-INGRESOS-CFAA-2026-Feb_page-0001.jpg 1677w, https:\/\/emad-caba.infd.edu.ar\/sitio\/wp-content\/uploads\/2025\/12\/FORMACION-DEL-ACTOR-ACTRIZ-CRONOGRAMA-INGRESOS-CFAA-2026-Feb_page-0001-1000x676.jpg 1000w, https:\/\/emad-caba.infd.edu.ar\/sitio\/wp-content\/uploads\/2025\/12\/FORMACION-DEL-ACTOR-ACTRIZ-CRONOGRAMA-INGRESOS-CFAA-2026-Feb_page-0001-768x519.jpg 768w, https:\/\/emad-caba.infd.edu.ar\/sitio\/wp-content\/uploads\/2025\/12\/FORMACION-DEL-ACTOR-ACTRIZ-CRONOGRAMA-INGRESOS-CFAA-2026-Feb_page-0001-1536x1038.jpg 1536w\" sizes=\"(max-width: 1677px) 100vw, 1677px\" \/><\/figure>\n\n\n\n<figure class=\"wp-block-image size-full\"><img decoding=\"async\" loading=\"lazy\" width=\"1565\" height=\"1133\" src=\"https:\/\/emad-caba.infd.edu.ar\/sitio\/wp-content\/uploads\/2025\/12\/FORMACION-DEL-ACTOR-ACTRIZ-CRONOGRAMA-INGRESOS-CFAA-2026-Mar_page-0001.jpg\" alt=\"\" class=\"wp-image-5888\" srcset=\"https:\/\/emad-caba.infd.edu.ar\/sitio\/wp-content\/uploads\/2025\/12\/FORMACION-DEL-ACTOR-ACTRIZ-CRONOGRAMA-INGRESOS-CFAA-2026-Mar_page-0001.jpg 1565w, https:\/\/emad-caba.infd.edu.ar\/sitio\/wp-content\/uploads\/2025\/12\/FORMACION-DEL-ACTOR-ACTRIZ-CRONOGRAMA-INGRESOS-CFAA-2026-Mar_page-0001-1000x724.jpg 1000w, https:\/\/emad-caba.infd.edu.ar\/sitio\/wp-content\/uploads\/2025\/12\/FORMACION-DEL-ACTOR-ACTRIZ-CRONOGRAMA-INGRESOS-CFAA-2026-Mar_page-0001-768x556.jpg 768w, https:\/\/emad-caba.infd.edu.ar\/sitio\/wp-content\/uploads\/2025\/12\/FORMACION-DEL-ACTOR-ACTRIZ-CRONOGRAMA-INGRESOS-CFAA-2026-Mar_page-0001-1536x1112.jpg 1536w\" sizes=\"(max-width: 1565px) 100vw, 1565px\" \/><\/figure>\n\n\n\n<p><strong><u>CRITERIOS GENERALES DE EVALUACI\u00d3N<\/u><\/strong><\/p>\n\n\n\n<p>Respeto por la organizaci\u00f3n pautada:&nbsp;<\/p>\n\n\n\n<ul>\n<li>Puntualidad y asistencia a d\u00edas y comisiones asignadas.<\/li>\n\n\n\n<li>Respeto por las otras personas.<\/li>\n\n\n\n<li>Colaboraci\u00f3n con las otras personas.<\/li>\n\n\n\n<li>Asistir con ropa de trabajo: zapatillas, jogging, calzas, short, remera, buzo. No: jean, ojotas.<\/li>\n<\/ul>\n\n\n\n<p><strong><u>SOBRE EL EXAMEN DE LECTURA Y COMPRENSI\u00d3N DE TEXTO. <\/u><\/strong><strong><\/strong><\/p>\n\n\n\n<ul>\n<li><strong>Din\u00e1mica del examen:<\/strong><strong> En grupos, por comisiones.<\/strong><\/li>\n<\/ul>\n\n\n\n<p><a><\/a>Se solicita a lxs aspirantes que asistan al encuentro definido por turno y comisi\u00f3n que le corresponda, con la lectura y el visionado del material seleccionado por el \u00e1rea. Durante el tiempo de trabajo grupal se le pedir\u00e1 a cada aspirante que intervenga, describa y argumente su posici\u00f3n desde la lectura, visionado y trabajo de la obra de teatro seleccionada.<\/p>\n\n\n\n<ul>\n<li><strong>Criterios de evaluaci\u00f3n del \u00c1rea de Te\u00f3ricas.<\/strong><\/li>\n<\/ul>\n\n\n\n<p>La Carrera de Formaci\u00f3n del Actor-Actriz tiene una amplia carga horaria destinada a materias te\u00f3ricas, de pensamiento y reflexi\u00f3n, es por eso que en esta etapa del ingreso se observar\u00e1 el inter\u00e9s de lxs aspirantes en el abordaje y la investigaci\u00f3n de textos dram\u00e1ticos y esc\u00e9nicos.<strong><\/strong><\/p>\n\n\n\n<p>Esta etapa del ingreso busca promover un espacio de intercambio en torno a los materiales propuestos por el \u00e1rea.<\/p>\n\n\n\n<p>Se trata de un momento en com\u00fan en donde lxs aspirantes den cuenta de sus experiencias en torno a los materiales propuestos, sus estrategias al momento de abordarlos y sus posibilidades de argumentar una posici\u00f3n sobre los mismos. Un \u00e1mbito que aliente la convivencia de diversos puntos de vista, en el marco del respeto y la escucha.&nbsp;<\/p>\n\n\n\n<p>Texto dram\u00e1tico: <strong>\u201cAUTO DE FE\u2026 entre bambalinas <\/strong>(1996), de Patricia Zangaro <a href=\"https:\/\/emad-caba.infd.edu.ar\/sitio\/wp-content\/uploads\/2026\/02\/Zangaro-Auto-de-fe.pdf\" data-type=\"URL\" data-id=\"https:\/\/emad-caba.infd.edu.ar\/sitio\/wp-content\/uploads\/2026\/02\/Zangaro-Auto-de-fe.pdf\" target=\"_blank\" rel=\"noreferrer noopener\">Descarga<\/a><\/p>\n\n\n\n<p>Puesta en escena<strong>: \u201cAuto de fe&#8230; entre bambalinas &#8211; Grupo Teatral Rayuela\u201d<\/strong>, de Patricia Zangaro, <a href=\"https:\/\/drive.google.com\/file\/d\/1hsDs3EF1sWjbU0sW8j_dtXdP3_P1zJPs\/view?usp=drive_link\" data-type=\"URL\" data-id=\"https:\/\/drive.google.com\/file\/d\/1hsDs3EF1sWjbU0sW8j_dtXdP3_P1zJPs\/view?usp=drive_link\" target=\"_blank\" rel=\"noreferrer noopener\">Descarga<\/a><\/p>\n\n\n\n<p>Direcci\u00f3n: Gustavo Armas, 2017.<\/p>\n\n\n\n<p><strong><u>CRITERIOS DE EVALUACI\u00d3N \u00c1REA T\u00c9CNICA ACTORAL<\/u><\/strong><\/p>\n\n\n\n<p><strong>Manejo del texto<\/strong><\/p>\n\n\n\n<ul>\n<li>Otorga sentido al texto elegido transfiri\u00e9ndolo a la experiencia de la escena.<\/li>\n<\/ul>\n\n\n\n<p><strong>Utilizaci\u00f3n de recursos en la escena<\/strong><\/p>\n\n\n\n<ul>\n<li>Se muestra permeable.<\/li>\n\n\n\n<li>Optimiza el uso del tiempo.<\/li>\n\n\n\n<li>Inscribe singularidad en las propuestas.<\/li>\n\n\n\n<li>Despliega recursos creativos poni\u00e9ndolos a disposici\u00f3n del texto y la propuesta.<\/li>\n\n\n\n<li>Utiliza de manera creativa y l\u00fadica el espacio de trabajo.<\/li>\n<\/ul>\n\n\n\n<p><strong>Desarrollo de los recursos expresivos<\/strong><\/p>\n\n\n\n<ul>\n<li>Pone en juego sus recursos expresivos y comunicacionales.<\/li>\n\n\n\n<li>Evoluciona y se transforma vocalmente en la escena.<\/li>\n\n\n\n<li>Evoluciona y se transforma corporalmente en la escena.<\/li>\n\n\n\n<li>Propicia transformaciones en el transcurso de la escena.<\/li>\n\n\n\n<li>Da cuenta de una disponibilidad l\u00fadica ante las propuestas.<\/li>\n\n\n\n<li>Formula una po\u00e9tica personal en el desarrollo de la consigna.<\/li>\n<\/ul>\n\n\n\n<p><strong>Utilizaci\u00f3n de las estrategias del hablante<\/strong><\/p>\n\n\n\n<ul>\n<li>Sostiene un discurso fluido y coherente.<\/li>\n\n\n\n<li>Evidencia escucha.<\/li>\n\n\n\n<li>Manifiesta inter\u00e9s por el teatro y la actuaci\u00f3n.<\/li>\n\n\n\n<li>Despliega un discurso flexible.<\/li>\n<\/ul>\n\n\n\n<p><strong><u>CRITERIOS DE EVALUACI\u00d3N \u00c1REA CORPORAL VOCAL<\/u><\/strong><\/p>\n\n\n\n<p><strong><u>T\u00e9cnica Vocal<\/u><\/strong><\/p>\n\n\n\n<p>A trav\u00e9s del habla espont\u00e1nea, lectura en voz alta y din\u00e1micas grupales se evaluar\u00e1:<\/p>\n\n\n\n<ul>\n<li>Movilidad resonancial, fluidez y precisi\u00f3n articulatoria.<\/li>\n\n\n\n<li>Capacidad de escucha grupal, modificaci\u00f3n y adecuaci\u00f3n vocal.<\/li>\n\n\n\n<li>Comprensi\u00f3n de consignas \/ Atenci\u00f3n.<\/li>\n\n\n\n<li>Lectura:&nbsp;comprensi\u00f3n&nbsp;y expresividad oral acorde al contenido.<\/li>\n\n\n\n<li>Disponibilidad corporal para la fonaci\u00f3n: coordinaci\u00f3n del sistema postural, fonorespiratorio y fonoestomatogn\u00e1tico.<\/li>\n<\/ul>\n\n\n\n<p><strong><u>T\u00e9cnica Corporal<\/u><\/strong><\/p>\n\n\n\n<p><strong>Cuerpo<\/strong><\/p>\n\n\n\n<ul>\n<li>Registro sensible del propio cuerpo en el espacio y en relaci\u00f3n a otras personas.<\/li>\n\n\n\n<li>Tensiones y bloqueos corporales.<\/li>\n\n\n\n<li>Coordinaci\u00f3n motriz y disponibilidad corporal.<\/li>\n<\/ul>\n\n\n\n<p><strong>Comunicaci\u00f3n&nbsp;<\/strong><\/p>\n\n\n\n<ul>\n<li>Abordaje de&nbsp;la comunicaci\u00f3n intrapersonal, interpersonal, intragrupal e intergrupal.<\/li>\n\n\n\n<li>Escucha.&nbsp;<\/li>\n\n\n\n<li>Atenci\u00f3n.<\/li>\n<\/ul>\n\n\n\n<p><strong>Creatividad.&nbsp;<\/strong><\/p>\n\n\n\n<ul>\n<li>Posibilidad de transformarse creativamente a partir de la consigna<\/li>\n<\/ul>\n\n\n\n<p><\/p>\n\n\n\n<p><strong>CADA UNA DE LAS INSTANCIAS NO ES ELIMINATORIA.<\/strong><\/p>\n\n\n\n<p><strong>EL TRAYECTO DEL INGRESO SE DEBER\u00c1 RECORRER DE MANERA COMPLETA, PARTICIPANDO DE TODAS LAS JORNADAS.<\/strong><\/p>\n\n\n\n<p><strong>DEL RESULTADO DE ESTAS INSTANCIAS SE SELECCIONAR\u00c1 UN GRUPO DE INGRESANTES QUE NO EXCEDA EL CUPO DE LA CARRERA.<\/strong><strong><\/strong><\/p>\n\n\n\n<p>VACANTES QUE OFRECE <strong>FORMACI\u00d3N DEL ACTOR-ACTRIZ<\/strong>: 25 PERSONAS POR TURNO.<\/p>\n\n\n\n<p><\/p>\n\n\n\n<p><strong>DESCARGA DE FORMULARIOS:<\/strong><\/p>\n\n\n\n<p>FORMULARIO DE INSCRIPCI\u00d3N<\/p>\n\n\n\n<p><a href=\"https:\/\/forms.gle\/ibirNBGqwdGNZNW47\" target=\"_blank\" rel=\"noreferrer noopener\">https:\/\/forms.gle\/ibirNBGqwdGNZNW47<\/a><\/p>\n\n\n\n<p><strong><strong>Ficha Datos Personales EMAD 2026<\/strong> <\/strong><a rel=\"noreferrer noopener\" href=\"https:\/\/emad-caba.infd.edu.ar\/sitio\/wp-content\/uploads\/2025\/12\/EMAD-Ficha-Datos-Personales-2026-1.pdf\" data-type=\"URL\" data-id=\"https:\/\/emad-caba.infd.edu.ar\/sitio\/wp-content\/uploads\/2025\/12\/EMAD-Ficha-Datos-Personales-2026-1.pdf\" target=\"_blank\">Descarga<\/a><\/p>\n\n\n\n<p><strong>Declaraci\u00f3n jurada salud EMAD 2026<\/strong> <a rel=\"noreferrer noopener\" href=\"https:\/\/emad-caba.infd.edu.ar\/sitio\/wp-content\/uploads\/2025\/12\/EMAD-Declaracion-jurada-de-salud-2026-1.pdf\" data-type=\"URL\" data-id=\"https:\/\/emad-caba.infd.edu.ar\/sitio\/wp-content\/uploads\/2025\/12\/EMAD-Declaracion-jurada-de-salud-2026-1.pdf\" target=\"_blank\">Descarga<\/a><\/p>\n\n\n\n<p><strong><strong>Conformidad ingreso EMAD<\/strong> <\/strong><a href=\"https:\/\/emad-caba.infd.edu.ar\/sitio\/wp-content\/uploads\/2025\/12\/EMAD-Conformidad-de-Ingreso-2026-1.pdf\" data-type=\"URL\" data-id=\"https:\/\/emad-caba.infd.edu.ar\/sitio\/wp-content\/uploads\/2025\/12\/EMAD-Conformidad-de-Ingreso-2026-1.pdf\" target=\"_blank\" rel=\"noreferrer noopener\">Descarga<\/a><\/p>\n\n\n\n<p><\/p>\n\n\n\n<p> <mark style=\"background-color:var(--accent)\" class=\"has-inline-color has-base-3-color\"> Para m\u00e1s informaci\u00f3n: <\/mark><\/p>\n\n\n\n<p>Correo de consultas Formaci\u00f3n del Actor &#8211; Actriz Turno Matutino: <strong>inscripcionfaamatutinoemad@gmail.com<\/strong><\/p>\n\n\n\n<p>Correo de consultas Formaci\u00f3n del Actor &#8211; Actriz Turno Vespertino:<strong> regenciaturnovespertinoemad@gmail.com<\/strong><\/p>\n\n\n\n<p><\/p>\n\n\n\n<p><strong><u>INFORMACI\u00d3N ASPIRANTES EXTRANJEROS<\/u><\/strong><\/p>\n\n\n\n<p>Direcci\u00f3n de validez nacional de T\u00edtulos y Estudios<\/p>\n\n\n\n<ul>\n<li>Convalidaci\u00f3n de estudios realizados en el extranjero (pa\u00edses con convenio)<\/li>\n<\/ul>\n\n\n\n<p><a href=\"https:\/\/www.argentina.gob.ar\/convalidar-titulo-secundario-de-paises-con-convenio\">https:\/\/www.argentina.gob.ar\/convalidar-titulo-<\/a><a href=\"https:\/\/www.argentina.gob.ar\/convalidar-titulo-secundario-de-paises-con-convenio\" target=\"_blank\" rel=\"noreferrer noopener\">s<\/a><a href=\"https:\/\/www.argentina.gob.ar\/convalidar-titulo-secundario-de-paises-con-convenio\">ecundario-de-paises-con-convenio<\/a><\/p>\n\n\n\n<ul>\n<li>Reconocimiento de estudios realizados en el extranjero (pa\u00edses sin convenio)<\/li>\n<\/ul>\n\n\n\n<p><a href=\"https:\/\/www.argentina.gob.ar\/reconocer-titulo-secundario-de-paises-sin-convenio\">https:\/\/www.argentina.gob.ar\/reconocer-titulo-secundario-de-paises-sin-convenio<\/a><\/p>\n","protected":false},"excerpt":{"rendered":"<p>MON\u00d3LOGOS INGRESO EMAD 2026 Descarga PREINSCRIPCION SIU GUARANI INSCRIPCI\u00d3N CICLO LECTIVO 2026 &#8211; EMAD El plan de estudios completo puede consultarse en la p\u00e1gina de la EMAD:&nbsp;FORMACI\u00d3N DEL ACTOR-ACTRIZ. Horario de la cursada:&nbsp; Turno Matutino: de LUNES a VIERNES de 09:00 hs a 14:00 hs. Turno Vespertino: de LUNES a VIERNES de 18:00 hs a &#8230; <a title=\"FORMACI\u00d3N DEL ACTOR-ACTRIZ 2026\" class=\"read-more\" href=\"https:\/\/emad-caba.infd.edu.ar\/sitio\/formacion-del-actor-actriz-2026\/\" aria-label=\"More on FORMACI\u00d3N DEL ACTOR-ACTRIZ 2026\">[+]<\/a><\/p>\n","protected":false},"author":195,"featured_media":0,"parent":0,"menu_order":0,"comment_status":"closed","ping_status":"closed","template":"","meta":[],"acf":[],"_links":{"self":[{"href":"https:\/\/emad-caba.infd.edu.ar\/sitio\/wp-json\/wp\/v2\/pages\/5735"}],"collection":[{"href":"https:\/\/emad-caba.infd.edu.ar\/sitio\/wp-json\/wp\/v2\/pages"}],"about":[{"href":"https:\/\/emad-caba.infd.edu.ar\/sitio\/wp-json\/wp\/v2\/types\/page"}],"author":[{"embeddable":true,"href":"https:\/\/emad-caba.infd.edu.ar\/sitio\/wp-json\/wp\/v2\/users\/195"}],"replies":[{"embeddable":true,"href":"https:\/\/emad-caba.infd.edu.ar\/sitio\/wp-json\/wp\/v2\/comments?post=5735"}],"version-history":[{"count":33,"href":"https:\/\/emad-caba.infd.edu.ar\/sitio\/wp-json\/wp\/v2\/pages\/5735\/revisions"}],"predecessor-version":[{"id":5972,"href":"https:\/\/emad-caba.infd.edu.ar\/sitio\/wp-json\/wp\/v2\/pages\/5735\/revisions\/5972"}],"wp:attachment":[{"href":"https:\/\/emad-caba.infd.edu.ar\/sitio\/wp-json\/wp\/v2\/media?parent=5735"}],"curies":[{"name":"wp","href":"https:\/\/api.w.org\/{rel}","templated":true}]}}