{"id":5341,"date":"2024-10-31T13:35:38","date_gmt":"2024-10-31T16:35:38","guid":{"rendered":"https:\/\/emad-caba.infd.edu.ar\/sitio\/?page_id=5341"},"modified":"2025-02-25T19:54:50","modified_gmt":"2025-02-25T22:54:50","slug":"curso-de-dramaturgia-2025","status":"publish","type":"page","link":"https:\/\/emad-caba.infd.edu.ar\/sitio\/curso-de-dramaturgia-2025\/","title":{"rendered":"CURSO DE DRAMATURGIA 2025"},"content":{"rendered":"\n<p>ATENCI\u00d3N: Se extiende la inscripci\u00f3n hasta el 7 de febrero 2025 a las 23:59 hs.<\/p>\n\n\n\n<p>INSCRIPCI\u00d3N CICLO LECTIVO 2025 &#8211; EMAD<\/p>\n\n\n\n<p>CURSO DE DRAMATURGIA<\/p>\n\n\n\n<p>El plan de estudios completo puede consultarse en la p\u00e1gina de la<br>EMAD:&nbsp;<strong>CURSO DE DRAMATURGIA.<\/strong><\/p>\n\n\n\n<p><strong>Horario de la cursada:&nbsp;<\/strong><br>Turno Matutino: LUNES y MI\u00c9RCOLES de 09:00 hs a 13:20 hs.<\/p>\n\n\n\n<p><strong>Lugar<\/strong>:&nbsp; SARMIENTO 2573, CABA.<\/p>\n\n\n\n<p>PREINSCRIPCI\u00d3N V\u00cdA FORMULARIO ONLINE (OBLIGATORIO):<br>Periodo: del 1\/11\/2024 al 7\/02\/2025 hasta las 23:59 h.<\/p>\n\n\n\n<p>FORMULARIO de PREINSCRIPCI\u00d3N<br><a href=\"https:\/\/forms.gle\/9gxv2hCC9pbk5nUDA\">https:\/\/forms.gle\/9gxv2hCC9pbk5nUDA<\/a><\/p>\n\n\n\n<p><strong>ADJUNTANDO LOS SIGUIENTES ARCHIVOS<\/strong><\/p>\n\n\n\n<p>1.&nbsp;Ficha de datos personales completa y con foto \u201ctipo\u201d 4\u00d74.&nbsp;<br>Ficha Datos Personales EMAD 2025 <a href=\"https:\/\/emad-caba.infd.edu.ar\/sitio\/wp-content\/uploads\/2024\/10\/EMAD-Ficha-Datos-Personales-2025.pdf\" target=\"_blank\" rel=\"noreferrer noopener\">Descarga<\/a><\/p>\n\n\n\n<p>2.&nbsp;Foto de DNI argentino legible:&nbsp;frente. O PASAPORTE (fotocopia primera y\/o segunda hoja&nbsp;seg\u00fan corresponda).<\/p>\n\n\n\n<p>3.&nbsp;T\u00edtulo Secundario: original y fotocopia -a fin de constatar la fidelidad de la misma-&nbsp;o Constancia de t\u00edtulo en tr\u00e1mite emitida por la instituci\u00f3n de nivel medio donde se curs\u00f3 el secundario.<\/p>\n\n\n\n<p>4.&nbsp;Declaraci\u00f3n jurada de antecedentes de salud.&nbsp;Firmada por la persona interesada.<br>Declaraci\u00f3n jurada salud EMAD 2025 <a href=\"https:\/\/emad-caba.infd.edu.ar\/sitio\/wp-content\/uploads\/2024\/10\/EMAD-Declaracion-jurada-de-salud-2025.pdf\" target=\"_blank\" rel=\"noreferrer noopener\">Descarga<\/a><\/p>\n\n\n\n<p>5.&nbsp;Conformidad con el r\u00e9gimen de ingreso.&nbsp;Firmada por la persona interesada.<br>Conformidad ingreso EMAD 2025&nbsp;<a href=\"https:\/\/emad-caba.infd.edu.ar\/sitio\/wp-content\/uploads\/2024\/10\/EMAD-Conformidad-de-Ingreso-2025.pdf\" target=\"_blank\" rel=\"noreferrer noopener\">Descarga<\/a><\/p>\n\n\n\n<p>6.&nbsp;Curr\u00edculum Vitae, con especial indicaci\u00f3n de cursos y\/o talleres de dramaturgia realizados y la actividad art\u00edstica desempe\u00f1ada hasta el presente.<\/p>\n\n\n\n<p>7.Presentaci\u00f3n de un texto teatral de cinco carillas (en formato word o pdf, tama\u00f1o A4, fuente Arial 12, interlineado 1.5, margen normal). Este texto podr\u00e1 ser un fragmento seleccionado de una obra ya escrita por quien se postule o bien podr\u00e1 ser escrito especialmente para esta instancia. No se considerar\u00e1n aquellos textos que no se presenten en el formato requerido.<\/p>\n\n\n\n<p>8.Texto redactado seg\u00fan la consigna \u201cEscrib\u00ed lo que quieras\u201d.<br>M\u00e1ximo de 3 mil (3.000) caracteres.<\/p>\n\n\n\n<hr class=\"wp-block-separator has-alpha-channel-opacity\"\/>\n\n\n\n<p>Bono Cooperadora (Monto a definir en febrero 2025)<\/p>\n\n\n\n<p>\u25cf Se abonar\u00e1 en la Sede Sarmiento en la Regencia del Turno Matutino (lunes a viernes 09:30 h a 12:30 h) durante las jornadas<br>de trabajo.<\/p>\n\n\n\n<p>La Asociaci\u00f3n Cooperadora de la Escuela Metropolitana de Arte Dram\u00e1tico es una Asociaci\u00f3n Civil sin fines de lucro conformada<br>por todos los estudiantes de la Escuela Metropolitana de Arte Dram\u00e1tico nucleados solidaria y democr\u00e1ticamente para garantizar el crecimiento de la Instituci\u00f3n, el desarrollo de las actividades educativas, curriculares y extracurriculares.<\/p>\n\n\n\n<p>Info: Asociaci\u00f3n Cooperadora EMAD.<br>Consultas:&nbsp;cooperadoralaemad@gmail.com<\/p>\n\n\n\n<h2 class=\"wp-block-heading\">IG: @emadcooperadora<\/h2>\n\n\n\n<hr class=\"wp-block-separator has-alpha-channel-opacity\"\/>\n\n\n\n<p><strong>CHARLA ABIERTA PARA POSTULANTES BRINDADA POR EL COORDINADOR DEL CURSO DE DRAMATURGIA.<\/strong><\/p>\n\n\n\n<p>Click en el siguinte link: <\/p>\n\n\n\n<p><a href=\"https:\/\/drive.google.com\/file\/d\/1Yx1DTgC2uSkedd4bAVH_lAAM7L1WPxbT\/view\" target=\"_blank\" rel=\"noreferrer noopener\">https:\/\/drive.google.com\/file\/d\/1Yx1DTgC2uSkedd4bAVH_lAAM7L1WPxbT\/view<\/a><\/p>\n\n\n\n<hr class=\"wp-block-separator has-alpha-channel-opacity\"\/>\n\n\n\n<p><strong>SOBRE EL PERIODO DE INGRESO<\/strong><\/p>\n\n\n\n<p>El cuerpo docente del Curso analizar\u00e1 los trabajos presentados y har\u00e1 una primera selecci\u00f3n de quienes pasar\u00e1n a una segunda instancia. Los resultados de esta selecci\u00f3n se comunicar\u00e1n v\u00eda email a fines de febrero de 2025.<\/p>\n\n\n\n<p>Una vez notificado el resultado, las personas seleccionadas deber\u00e1n:<\/p>\n\n\n\n<p><strong>1.LEER Y LLEVAR ANALIZADAS LAS CINCO OBRAS QUE FIGURAN A CONTINUACI\u00d3N:<\/strong><\/p>\n\n\n\n<p>\u25cf Las tres hermanas, de Ch\u00e9jov. <a rel=\"noreferrer noopener\" href=\"https:\/\/emad-caba.infd.edu.ar\/sitio\/wp-content\/uploads\/2024\/10\/Tres_hermanas_Anton_Chejov-2.pdf\" target=\"_blank\">Descargar obra<\/a>.<\/p>\n\n\n\n<p>\u25cf Stefano, de Armando Disc\u00e9polo. <a href=\"https:\/\/emad-caba.infd.edu.ar\/sitio\/wp-content\/uploads\/2024\/10\/Stefano_Armando_Discepolo.pdf\" target=\"_blank\" rel=\"noreferrer noopener\">Descargar obra.<\/a><\/p>\n\n\n\n<p>\u25cf Melancol\u00eda y Manifestaciones, de Lola Arias. <a href=\"https:\/\/emad-caba.infd.edu.ar\/sitio\/wp-content\/uploads\/2024\/10\/Melancolia_y_Manifestaciones_Lola_Arias.pdf\" target=\"_blank\" rel=\"noreferrer noopener\">Descargar obra.<\/a><\/p>\n\n\n\n<p>\u25cf Un dios salvaje, de Yasmina Reza. <a href=\"https:\/\/emad-caba.infd.edu.ar\/sitio\/wp-content\/uploads\/2024\/10\/Un_Dios_Salvaje_Yasmina_Reza.pdf\" target=\"_blank\" rel=\"noreferrer noopener\">Descargar obra.<\/a><\/p>\n\n\n\n<p>\u25cf Inundaci\u00f3n, de Mag de Santo. <a href=\"https:\/\/emad-caba.infd.edu.ar\/sitio\/wp-content\/uploads\/2024\/10\/Inundacion_Mag_de_Santo.pdf\" target=\"_blank\" rel=\"noreferrer noopener\">Descargar obra.<\/a><\/p>\n\n\n\n<p><strong>2.ASISTIR a dos encuentros grupales de taller <\/strong>(de asistencia obligatoria, uno virtual y uno presencial).<\/p>\n\n\n\n<p>\u25cf Mi\u00e9rcoles 5 de marzo de 2025 en los horarios de 9:00 a 13:20 h.<br>\u25cf Lunes 10 de marzo de 2025 en los horarios de 9:00 a 13:20 h.<\/p>\n\n\n\n<p><strong>3.ASISTIR a un coloquio presencial individual. <\/strong>Ser\u00e1n citadxs en d\u00eda y horario a confirmar entre las siguientes opciones:<\/p>\n\n\n\n<p>\u25cf Mi\u00e9rcoles 12 de marzo de 2025 en los horarios de 9:00 a 13:20 h.<br>\u25cf Lunes 17 de marzo de 2025 en los horarios de 9:00 a 13:20 h.<br>\u25cf Mi\u00e9rcoles 19 de marzo de 2025 en los horarios de 9:00 a 13:20 h.<br>\u25cf Mi\u00e9rcoles 26 de marzo de 2025 en los horarios de 9:00 a 13:20 h.<br>\u25cf Lunes 31 de marzo de 2025 en los horarios de 9:00 a 13:20 h.<\/p>\n\n\n\n<p><strong>AL COLOQUIO INDIVIDUAL DEBER\u00c1 LLEVAR LE\u00cdDAS LAS OBRAS Y HACER UNA PRESENTACI\u00d3N ORAL DE AN\u00c1LISIS DE DIEZ A QUINCE MINUTOS, DE POR LO MENOS, UNA DE ELLAS<\/strong>, desde el punto de vista y tema que cada postulante elija. Se har\u00e1n preguntas sobre otros aspectos de la obra o de las otras obras del listado.<\/p>\n\n\n\n<p><strong>FINALIZADA ESTA SEGUNDA INSTANCIA (TALLER Y COLOQUIO INDIVIDUAL), EL D\u00cdA 3 DE ABRIL SE COMUNICAR\u00c1 V\u00cdA E-MAIL Y SE PUBLICAR\u00c1 EN LA CARTELERA DE LA SEDE SARMIENTO, EL LISTADO DE INGRESANTES.<\/strong><\/p>\n\n\n\n<hr class=\"wp-block-separator has-alpha-channel-opacity\"\/>\n\n\n\n<p><strong>CRITERIOS DE EVALUACI\u00d3N Y SELECCI\u00d3N<\/strong><\/p>\n\n\n\n<p>Se evaluar\u00e1n los antecedentes, los textos presentados en la carpeta, las actividades especiales de los encuentros de taller de selecci\u00f3n y las entrevistas de coloquio seg\u00fan los siguientes criterios:<\/p>\n\n\n\n<p>1) <strong>Compromiso con la formaci\u00f3n<\/strong>, tomando en cuenta que se requiere la presencia y participaci\u00f3n en una cursada de dos a\u00f1os de duraci\u00f3n con materias te\u00f3ricas y pr\u00e1cticas, se considerar\u00e1 la predisposici\u00f3n y lo antecedentes en formaci\u00f3n regular (por ejemplo: cursos terciarios, carreras universitarias, postgrados, cursos o talleres de m\u00e1s de un a\u00f1o de duraci\u00f3n en disciplinas art\u00edsticas, etc.).<\/p>\n\n\n\n<p>2) <strong>Compromiso con la escritura teatral<\/strong>, se considerar\u00e1n los antecedentes en escritura dram\u00e1tica, narrativa y\/o otros g\u00e9neros literarios.<\/p>\n\n\n\n<p>3) <strong>Destreza de la escritura<\/strong>, entendiendo que se trata de un curso destinado a desarrollar la escritura teatral, focalizando en las habilidades en la producci\u00f3n escrita:<\/p>\n\n\n\n<p>\u25cf Manejo del lenguaje en su v\u00ednculo po\u00e9tico y con la oralidad.<br>\u25cf Organizaci\u00f3n de la estructura del texto dram\u00e1tico.<br>\u25cf Aspectos formales de un texto dramat\u00fargico.<br>\u25cf Creatividad y originalidad.<\/p>\n\n\n\n<p>4) <strong>Capacidad de devoluci\u00f3n e interacci\u00f3n<\/strong>: capacidad de observaci\u00f3n, reflexi\u00f3n, an\u00e1lisis y producci\u00f3n de comentarios sobre la teatralidad.<\/p>\n\n\n\n<hr class=\"wp-block-separator has-alpha-channel-opacity\"\/>\n\n\n\n<p><strong>NO SE ENTREGAR\u00c1N DEVOLUCIONES SOBRE EL PROCESO DE INGRESO.<\/strong><\/p>\n\n\n\n<hr class=\"wp-block-separator has-alpha-channel-opacity\"\/>\n\n\n\n<p>VACANTES QUE OFRECE EL <strong>CURSO DE DRAMATURGIA<\/strong>: 15 PERSONAS.<\/p>\n\n\n\n<p>En el caso de que se supere la cantidad de vacantes ofrecidas, tendr\u00e1n prioridad de ingreso las 15 personas que obtengan mayor puntaje.<\/p>\n\n\n\n<p>Habr\u00e1 un orden de m\u00e9rito que tendr\u00e1 una vigencia de 3 semanas destinado a cubrir vacancias que podr\u00edan liberarse en las 3 primeras semanas, una vez iniciadas las clases.<\/p>\n\n\n\n<p><strong>UNA VEZ QUE HAYAN INGRESADO A LA CARRERA<\/strong><\/p>\n\n\n\n<p>Cualquier estudiante que no asista a las seis primeras jornadas de clase perder\u00e1 el beneficio de la regularidad. Se entiende como seis primeras jornadas a los seis d\u00edas de clases siguientes al comienzo de las mismas, independiente de la asistencia por materia.<\/p>\n\n\n\n<hr class=\"wp-block-separator has-alpha-channel-opacity\"\/>\n\n\n\n<p><strong>DESCARGA DE FORMULARIOS:<\/strong><\/p>\n\n\n\n<p>FORMULARIO de PREINSCRIPCI\u00d3N<br><a href=\"https:\/\/forms.gle\/9gxv2hCC9pbk5nUDA\" data-type=\"URL\" data-id=\"https:\/\/forms.gle\/9gxv2hCC9pbk5nUDA\" target=\"_blank\" rel=\"noreferrer noopener\">https:\/\/forms.gle\/9gxv2hCC9pbk5nUDA<\/a><\/p>\n\n\n\n<p>Ficha Datos Personales EMAD 2025 <a href=\"https:\/\/emad-caba.infd.edu.ar\/sitio\/wp-content\/uploads\/2024\/10\/EMAD-Ficha-Datos-Personales-2025.pdf\" target=\"_blank\" rel=\"noreferrer noopener\">Descarga<\/a><br>Declaraci\u00f3n jurada salud EMAD 2025 <a href=\"https:\/\/emad-caba.infd.edu.ar\/sitio\/wp-content\/uploads\/2024\/10\/EMAD-Declaracion-jurada-de-salud-2025.pdf\" target=\"_blank\" rel=\"noreferrer noopener\">Descarga<\/a><br>Conformidad ingreso EMAD 2025&nbsp;<a href=\"https:\/\/emad-caba.infd.edu.ar\/sitio\/wp-content\/uploads\/2024\/10\/EMAD-Conformidad-de-Ingreso-2025.pdf\" target=\"_blank\" rel=\"noreferrer noopener\">Descarga<\/a><\/p>\n\n\n\n<hr class=\"wp-block-separator has-alpha-channel-opacity\"\/>\n\n\n\n<p>Para m\u00e1s informaci\u00f3n:&nbsp;inscripciondramaturgiaemad@gmail.com<\/p>\n\n\n\n<p><\/p>\n\n\n\n<p><strong>INFORMACI\u00d3N ASPIRANTES EXTRANJEROS<\/strong><\/p>\n\n\n\n<p>Direcci\u00f3n de validez nacional de T\u00edtulos y Estudios<br>\u25cf Convalidaci\u00f3n de estudios realizados en el extranjero (pa\u00edses con<br>convenio)<br>https:\/\/www.argentina.gob.ar\/convalidar-titulo-secundario-de-paises-con-<br>convenio<\/p>\n\n\n\n<p>\u25cf Reconocimiento de estudios realizados en el extranjero (pa\u00edses sin<br>convenio)<br>https:\/\/www.argentina.gob.ar\/reconocer-titulo-secundario-de-paises-sin-<\/p>\n","protected":false},"excerpt":{"rendered":"<p>ATENCI\u00d3N: Se extiende la inscripci\u00f3n hasta el 7 de febrero 2025 a las 23:59 hs. INSCRIPCI\u00d3N CICLO LECTIVO 2025 &#8211; EMAD CURSO DE DRAMATURGIA El plan de estudios completo puede consultarse en la p\u00e1gina de laEMAD:&nbsp;CURSO DE DRAMATURGIA. Horario de la cursada:&nbsp;Turno Matutino: LUNES y MI\u00c9RCOLES de 09:00 hs a 13:20 hs. Lugar:&nbsp; SARMIENTO 2573, &#8230; <a title=\"CURSO DE DRAMATURGIA 2025\" class=\"read-more\" href=\"https:\/\/emad-caba.infd.edu.ar\/sitio\/curso-de-dramaturgia-2025\/\" aria-label=\"More on CURSO DE DRAMATURGIA 2025\">[+]<\/a><\/p>\n","protected":false},"author":195,"featured_media":0,"parent":0,"menu_order":0,"comment_status":"closed","ping_status":"closed","template":"","meta":[],"acf":[],"_links":{"self":[{"href":"https:\/\/emad-caba.infd.edu.ar\/sitio\/wp-json\/wp\/v2\/pages\/5341"}],"collection":[{"href":"https:\/\/emad-caba.infd.edu.ar\/sitio\/wp-json\/wp\/v2\/pages"}],"about":[{"href":"https:\/\/emad-caba.infd.edu.ar\/sitio\/wp-json\/wp\/v2\/types\/page"}],"author":[{"embeddable":true,"href":"https:\/\/emad-caba.infd.edu.ar\/sitio\/wp-json\/wp\/v2\/users\/195"}],"replies":[{"embeddable":true,"href":"https:\/\/emad-caba.infd.edu.ar\/sitio\/wp-json\/wp\/v2\/comments?post=5341"}],"version-history":[{"count":15,"href":"https:\/\/emad-caba.infd.edu.ar\/sitio\/wp-json\/wp\/v2\/pages\/5341\/revisions"}],"predecessor-version":[{"id":5519,"href":"https:\/\/emad-caba.infd.edu.ar\/sitio\/wp-json\/wp\/v2\/pages\/5341\/revisions\/5519"}],"wp:attachment":[{"href":"https:\/\/emad-caba.infd.edu.ar\/sitio\/wp-json\/wp\/v2\/media?parent=5341"}],"curies":[{"name":"wp","href":"https:\/\/api.w.org\/{rel}","templated":true}]}}