{"id":1650,"date":"2018-09-20T20:41:57","date_gmt":"2018-09-20T23:41:57","guid":{"rendered":"https:\/\/emad-caba.infd.edu.ar\/sitio\/?page_id=1650"},"modified":"2022-02-10T19:06:05","modified_gmt":"2022-02-10T22:06:05","slug":"carreras","status":"publish","type":"page","link":"https:\/\/emad-caba.infd.edu.ar\/sitio\/carreras\/","title":{"rendered":"Carreras y Cursos"},"content":{"rendered":"<p><a href=\"https:\/\/www.facebook.com\/laemadoficial\" target=\"_blank\" rel=\"noopener\"><img decoding=\"async\" loading=\"lazy\" class=\"alignnone wp-image-2121\" src=\"https:\/\/emad-caba.infd.edu.ar\/sitio\/wp-content\/uploads\/2018\/10\/facebook.jpg\" alt=\"\" width=\"53\" height=\"52\" \/><\/a> <a href=\"https:\/\/www.instagram.com\/laemadoficial\/\" target=\"_blank\" rel=\"noopener\"><img decoding=\"async\" loading=\"lazy\" class=\"alignnone wp-image-2122\" src=\"https:\/\/emad-caba.infd.edu.ar\/sitio\/wp-content\/uploads\/2018\/10\/instagram.jpg\" alt=\"\" width=\"49\" height=\"53\" \/><\/a><\/p>\n<p><strong>La Escuela Metropolitana de Arte Dram\u00e1tico<\/strong>, dependiente de la Direcci\u00f3n General de Ense\u00f1anza Art\u00edstica del Ministerio de Cultura del GCBA, es el Instituto Superior no Universitario\u00a0de formaci\u00f3n en las diferentes disciplinas teatrales de la Ciudad de Buenos Aires: <strong><a href=\"https:\/\/emad-caba.infd.edu.ar\/sitio\/tecnicatura-superior-en-puesta-en-escena\/\" target=\"_blank\" rel=\"noopener\"><span style=\"color: #3366ff;\">Tecnicatura Superior en Puesta en Escena<\/span><\/a><\/strong>, <strong><a href=\"https:\/\/emad-caba.infd.edu.ar\/sitio\/formacion-del-actor-actriz\/\" target=\"_blank\" rel=\"noopener\"><span style=\"color: #ff6600;\">Formaci\u00f3n del Actor-Actriz<\/span><\/a><\/strong>, <a href=\"https:\/\/emad-caba.infd.edu.ar\/sitio\/tecnicatura-superior-en-escenografia\/\" target=\"_blank\" rel=\"noopener\"><strong><span style=\"color: #ff00ff;\">Tecnicatura Superior en Escenograf\u00eda<\/span><\/strong><\/a>, <strong><a href=\"https:\/\/emad-caba.infd.edu.ar\/sitio\/profesorado-de-teatro\/\" target=\"_blank\" rel=\"noopener\"><span style=\"color: #339966;\">Profesorado de Teatro<\/span><\/a><\/strong>, <strong><a href=\"https:\/\/emad-caba.infd.edu.ar\/sitio\/curso-de-dramaturgia\/\" target=\"_blank\" rel=\"noopener\"><span style=\"color: #ff0000;\">Curso de dramaturgia<\/span><\/a><\/strong> y<a href=\"https:\/\/emad-caba.infd.edu.ar\/sitio\/curso-de-formacion-del-actor-actriz-para-la-actuacion-en-espacios-abiertos\/\" target=\"_blank\" rel=\"noopener\"> <strong><span style=\"color: #800080;\">Curso de formaci\u00f3n del Actor-Actriz para la actuaci\u00f3n en espacios abiertos.<\/span><\/strong><\/a><\/p>\n\n\n<p><\/p>\n","protected":false},"excerpt":{"rendered":"<p>La Escuela Metropolitana de Arte Dram\u00e1tico, dependiente de la Direcci\u00f3n General de Ense\u00f1anza Art\u00edstica del Ministerio de Cultura del GCBA, es el Instituto Superior no Universitario\u00a0de formaci\u00f3n en las diferentes disciplinas teatrales de la Ciudad de Buenos Aires: Tecnicatura Superior en Puesta en Escena, Formaci\u00f3n del Actor-Actriz, Tecnicatura Superior en Escenograf\u00eda, Profesorado de Teatro, Curso &#8230; <a title=\"Carreras y Cursos\" class=\"read-more\" href=\"https:\/\/emad-caba.infd.edu.ar\/sitio\/carreras\/\" aria-label=\"More on Carreras y Cursos\">[+]<\/a><\/p>\n","protected":false},"author":195,"featured_media":0,"parent":0,"menu_order":0,"comment_status":"closed","ping_status":"closed","template":"","meta":[],"acf":[],"_links":{"self":[{"href":"https:\/\/emad-caba.infd.edu.ar\/sitio\/wp-json\/wp\/v2\/pages\/1650"}],"collection":[{"href":"https:\/\/emad-caba.infd.edu.ar\/sitio\/wp-json\/wp\/v2\/pages"}],"about":[{"href":"https:\/\/emad-caba.infd.edu.ar\/sitio\/wp-json\/wp\/v2\/types\/page"}],"author":[{"embeddable":true,"href":"https:\/\/emad-caba.infd.edu.ar\/sitio\/wp-json\/wp\/v2\/users\/195"}],"replies":[{"embeddable":true,"href":"https:\/\/emad-caba.infd.edu.ar\/sitio\/wp-json\/wp\/v2\/comments?post=1650"}],"version-history":[{"count":8,"href":"https:\/\/emad-caba.infd.edu.ar\/sitio\/wp-json\/wp\/v2\/pages\/1650\/revisions"}],"predecessor-version":[{"id":3851,"href":"https:\/\/emad-caba.infd.edu.ar\/sitio\/wp-json\/wp\/v2\/pages\/1650\/revisions\/3851"}],"wp:attachment":[{"href":"https:\/\/emad-caba.infd.edu.ar\/sitio\/wp-json\/wp\/v2\/media?parent=1650"}],"curies":[{"name":"wp","href":"https:\/\/api.w.org\/{rel}","templated":true}]}}