{"id":1224,"date":"2018-08-29T16:47:04","date_gmt":"2018-08-29T19:47:04","guid":{"rendered":"https:\/\/emad-caba.infd.edu.ar\/sitio\/curso-de-formacion-del-actor-actriz-para-la-actuacion-en-espacios-abiertos\/"},"modified":"2026-04-10T20:11:51","modified_gmt":"2026-04-10T23:11:51","slug":"curso-de-formacion-del-actor-actriz-para-la-actuacion-en-espacios-abiertos","status":"publish","type":"page","link":"https:\/\/emad-caba.infd.edu.ar\/sitio\/curso-de-formacion-del-actor-actriz-para-la-actuacion-en-espacios-abiertos\/","title":{"rendered":"Curso de Formaci\u00f3n para la Actuaci\u00f3n en Espacios Abiertos"},"content":{"rendered":"\n<figure class=\"wp-block-image size-large is-resized\"><img decoding=\"async\" loading=\"lazy\" src=\"https:\/\/emad-caba.infd.edu.ar\/sitio\/wp-content\/uploads\/2022\/10\/Espacios-Abiertos-QR.png\" alt=\"\" class=\"wp-image-4350\" width=\"142\" height=\"142\"\/><\/figure>\n\n\n<p><strong>CURSO DE FORMACI\u00d3N PARA LA ACTUACI\u00d3N EN ESPACIOS ABIERTOS &#8211;\u00a0(<a href=\"https:\/\/emad-caba.infd.edu.ar\/sitio\/wp-content\/uploads\/2024\/10\/DI-2023-236-GCABA-DGEART-con-ANEXOS.pdf\" target=\"_blank\" rel=\"noreferrer noopener\">DI 2023 236 GCABA DGEART ANEXOS<\/a>)<\/strong><\/p>\n<p>Sede PARQUE AVELLANEDA<\/p>\n<p>Centro de Artes Esc\u00e9nicas Antiguo Tambo, dentro del Centro Cultural Chacra de los Remedios: Av. Directorio y Lacarra -dentro del Parque Avellaneda-, CABA. <a href=\"https:\/\/goo.gl\/maps\/dZHbKcY3vUKbtXij7\">https:\/\/goo.gl\/maps\/dZHbKcY3vUKbtXij7<\/a><\/p>\n<p>El horario de cursada es de Lunes a Viernes de 9:00 h a 13:30 h con un tiempo aut\u00f3nomo para ser utilizado de acuerdo a necesidades del curso los S\u00e1bados de 9:00 h a 13:00 hs.<\/p>\n<p><strong>M\u00e1s informaci\u00f3n: <\/strong><\/p>\n<p><a href=\"mailto:emadteatrocallejero@gmail.com\">emadteatrocallejero@gmail.com<\/a><\/p>\n<p><a href=\"http:\/\/instagram.com\/emadteatrocallejero\">instagram.com\/emadteatrocallejero<\/a><\/p>\n<p>La EMAD crea el Curso de Formaci\u00f3n para la Actuaci\u00f3n en Espacios Abiertos en el a\u00f1o 2004, dada la inexistencia en el \u00e1mbito de la ciudad de un espacio de formaci\u00f3n en este campo. Su creaci\u00f3n responde a la iniciativa del Grupo de Teatro Callejero La Runfla y al reconocimiento de los m\u00e1s de veinte a\u00f1os de presencia sostenida del teatro de calle en la cultura de la ciudad de Buenos Aires.<\/p>\n<p>La conformaci\u00f3n de un \u00e1mbito de formaci\u00f3n espec\u00edfico sobre el teatro de calle dentro de la oferta educativa p\u00fablica y gratuita del Ministerio de Cultura, del Gobierno de la Ciudad de Buenos Aires, favorece la continuidad y el desarrollo de este lenguaje art\u00edstico, al tiempo que ampl\u00eda y enriquece las posibilidades de formaci\u00f3n actoral que brinda la EMAD.<\/p>\n<p>En consonancia con el destino de la labor del actor-actriz de calle y con el car\u00e1cter p\u00fablico de la EMAD, el Curso promueve en forma prioritaria el uso creativo, libre y responsable del espacio p\u00fablico. Es por ello que adem\u00e1s de sus aportes a la formaci\u00f3n actoral, favorece la conciencia sobre el valor de lo p\u00fablico, entendi\u00e9ndolo como el espacio \u00f3ptimo para la expresi\u00f3n est\u00e9tica y la comunicaci\u00f3n de la ciudadan\u00eda.<\/p>\n<p>A lo largo de los dos a\u00f1os del curso, lxs alumnxs participan activamente en eventos barriales,\u00a0 transitando experiencias art\u00edsticas en v\u00ednculo activo con la comunidad.<\/p>\n<p>El Curso est\u00e1 planteado con un criterio <em>integral<\/em>: el equipo docente combina una mirada panor\u00e1mica del conjunto de lxs alumnxs, con una mirada puntual que atiende a la particularidad de cada unx de ellxs.<\/p>\n<p>En los dos a\u00f1os de cursada, se busca conformar un grupo que pueda producir su propio espect\u00e1culo, realizar no menos de 10 funciones de pr\u00e1ctica de lo incorporado y establecer, vivenciar, el contacto con el p\u00fablico.<\/p>\n<p><strong>Coordinaci\u00f3n de Curso Formaci\u00f3n para la Actuaci\u00f3n en Espacios Abiertos<\/strong><\/p>\n<p>PABLO ROITZAID<\/p>\n<p><strong>PLAN DE ESTUDIOS <\/strong><\/p>\n<p><strong>1\u00b0 A\u00d1O<\/strong><\/p>\n<p>TALLER INTEGRAL I\u00a0\u00a0 (t\u00e9cnica corporal y vocal, construcci\u00f3n y uso dram\u00e1tico de objetos y actuaci\u00f3n para espacios abiertos)<\/p>\n<p>DESTREZA PARA LA ACTUACI\u00d3N A\u00c9REA I\u00a0 (en piso, a\u00e9rea y danza)<\/p>\n<p>MUSICALIDAD I<\/p>\n<p>CONSTRUCCI\u00d3N Y USO DE VESTUARIO I<\/p>\n<p>HISTORIA , EST\u00c9TICA Y PO\u00c9TICA DEL TEATRO CALLEJERO I<\/p>\n<p>DRAMATURGIA DEL TEATRO DE CALLE I<\/p>\n<p>MANEJO Y CONSTRUCCI\u00d3N DE M\u00c1SCARAS Y MU\u00d1ECOS I<\/p>\n<p><strong>\u00a02\u00b0 A\u00d1O<\/strong><\/p>\n<p>TALLER INTEGRAL II\u00a0\u00a0 (t\u00e9cnica corporal y vocal, construcci\u00f3n y uso dram\u00e1tico de objetos y actuaci\u00f3n para espacios abiertos)<\/p>\n<p>DESTREZA PARA LA ACTUACI\u00d3N A\u00c9REA II\u00a0 (en piso, a\u00e9rea y danza)<\/p>\n<p>MUSICALIDAD II<\/p>\n<p>CONSTRUCCI\u00d3N Y USO DE VESTUARIO II<\/p>\n<p>HISTORIA , EST\u00c9TICA Y PO\u00c9TICA DEL TEATRO CALLEJERO II<\/p>\n<p>DRAMATURGIA DEL TEATRO DE CALLE II<\/p>\n<p>MANEJO Y CONSTRUCCI\u00d3N DE M\u00c1SCARAS Y MU\u00d1ECOS II<\/p>\n<p><strong>\u00a0<\/strong><div id=\"metaslider-id-1875\" style=\"max-width: 700px; margin: 0 auto;\" class=\"ml-slider-3-33-0 metaslider metaslider-nivo metaslider-1875 ml-slider ms-theme-default\" role=\"region\" aria-roledescription=\"Slideshow\" aria-label=\"Slideshow\">\n    <div id=\"metaslider_container_1875\">\n        <div class='slider-wrapper theme-default'><div class='ribbon'><\/div><div id='metaslider_1875' class='nivoSlider'><img src=\"https:\/\/emad-caba.infd.edu.ar\/sitio\/wp-content\/uploads\/2021\/10\/201801-41-700x400.jpg\" height=\"400\" width=\"700\" title=\"201801 (4)(1)\" alt=\"\" class=\"slider-1875 slide-3629\" \/><img src=\"https:\/\/emad-caba.infd.edu.ar\/sitio\/wp-content\/uploads\/2021\/10\/2008-559x319.jpg\" height=\"400\" width=\"700\" title=\"2008\" alt=\"\" class=\"slider-1875 slide-3642\" \/><img src=\"https:\/\/emad-caba.infd.edu.ar\/sitio\/wp-content\/uploads\/2018\/08\/EA_El_Pajaro_Azul_._Espectaculo_de_comprobacion_2015-700x400.jpg\" height=\"400\" width=\"700\" title=\"EA_El_Pajaro_Azul_._Espectaculo_de_comprobacion_2015\" alt=\"\" class=\"slider-1875 slide-1879\" \/><img src=\"https:\/\/emad-caba.infd.edu.ar\/sitio\/wp-content\/uploads\/2021\/10\/201901-21-700x400.jpg\" height=\"400\" width=\"700\" title=\"201901 (2)(1)\" alt=\"\" class=\"slider-1875 slide-3626\" \/><img src=\"https:\/\/emad-caba.infd.edu.ar\/sitio\/wp-content\/uploads\/2021\/10\/201701-700x400.jpg\" height=\"400\" width=\"700\" title=\"201701\" alt=\"\" class=\"slider-1875 slide-3631\" \/><img src=\"https:\/\/emad-caba.infd.edu.ar\/sitio\/wp-content\/uploads\/2021\/10\/2013-640x365.jpg\" height=\"400\" width=\"700\" title=\"2013\" alt=\"\" class=\"slider-1875 slide-3639\" \/><img src=\"https:\/\/emad-caba.infd.edu.ar\/sitio\/wp-content\/uploads\/2021\/10\/2018011-700x400.jpg\" height=\"400\" width=\"700\" title=\"201801(1)\" alt=\"\" class=\"slider-1875 slide-3628\" \/><img src=\"https:\/\/emad-caba.infd.edu.ar\/sitio\/wp-content\/uploads\/2021\/10\/2017-2-700x400.jpg\" height=\"400\" width=\"700\" title=\"2017 (2)\" alt=\"\" class=\"slider-1875 slide-3633\" \/><img src=\"https:\/\/emad-caba.infd.edu.ar\/sitio\/wp-content\/uploads\/2021\/10\/2009-592x338.jpg\" height=\"400\" width=\"700\" title=\"2009\" alt=\"\" class=\"slider-1875 slide-3641\" \/><img src=\"https:\/\/emad-caba.infd.edu.ar\/sitio\/wp-content\/uploads\/2021\/10\/201901-11-700x400.jpg\" height=\"400\" width=\"700\" title=\"201901 (1)(1)\" alt=\"\" class=\"slider-1875 slide-3627\" \/><img src=\"https:\/\/emad-caba.infd.edu.ar\/sitio\/wp-content\/uploads\/2021\/10\/2014-4-700x400.jpg\" height=\"400\" width=\"700\" title=\"2014 (4)\" alt=\"\" class=\"slider-1875 slide-3637\" \/><img src=\"https:\/\/emad-caba.infd.edu.ar\/sitio\/wp-content\/uploads\/2018\/08\/EA_DESTREZA_PARA__LA_ACTUACION_AEREA_I_en_piso_aerea_y_danza-582x333.jpg\" height=\"400\" width=\"700\" title=\"EA destreza\" alt=\"\" class=\"slider-1875 slide-1878\" \/><img src=\"https:\/\/emad-caba.infd.edu.ar\/sitio\/wp-content\/uploads\/2021\/10\/2007-640x365.jpg\" height=\"400\" width=\"700\" title=\"2007\" alt=\"\" class=\"slider-1875 slide-3643\" \/><img src=\"https:\/\/emad-caba.infd.edu.ar\/sitio\/wp-content\/uploads\/2018\/08\/EA_Vestuario_zancos_y_banderas_en_Fogata_de_San_Pedro_y_San_Pablo_2017-700x400.jpg\" height=\"400\" width=\"700\" title=\"Curso EA zancos vestuario\" alt=\"\" class=\"slider-1875 slide-1877\" \/><img src=\"https:\/\/emad-caba.infd.edu.ar\/sitio\/wp-content\/uploads\/2021\/10\/2015-1-700x400.jpg\" height=\"400\" width=\"700\" title=\"2015 (1)\" alt=\"\" class=\"slider-1875 slide-3636\" \/><img src=\"https:\/\/emad-caba.infd.edu.ar\/sitio\/wp-content\/uploads\/2021\/10\/2014-2-700x400.jpg\" height=\"400\" width=\"700\" title=\"2014 (2)\" alt=\"\" class=\"slider-1875 slide-3638\" \/><img src=\"https:\/\/emad-caba.infd.edu.ar\/sitio\/wp-content\/uploads\/2018\/08\/EA_Zancos-700x400.jpg\" height=\"400\" width=\"700\" title=\"Curso zancos\" alt=\"\" class=\"slider-1875 slide-1876\" \/><img src=\"https:\/\/emad-caba.infd.edu.ar\/sitio\/wp-content\/uploads\/2021\/10\/2007-640x365.jpg\" height=\"400\" width=\"700\" title=\"2007\" alt=\"\" class=\"slider-1875 slide-3606\" \/><img src=\"https:\/\/emad-caba.infd.edu.ar\/sitio\/wp-content\/uploads\/2018\/08\/EA_Uso_de_mascaras-700x400.jpg\" height=\"400\" width=\"700\" title=\"EA_Uso_de_mascaras\" alt=\"\" class=\"slider-1875 slide-1880\" \/><img src=\"https:\/\/emad-caba.infd.edu.ar\/sitio\/wp-content\/uploads\/2018\/08\/EA_Taller_Integral._Construccion_y_uso_de_zancos-700x400.jpg\" height=\"400\" width=\"700\" title=\"EA_Taller_Integral._Construccion_y_uso_de_zancos\" alt=\"\" class=\"slider-1875 slide-1881\" \/><img src=\"https:\/\/emad-caba.infd.edu.ar\/sitio\/wp-content\/uploads\/2021\/10\/2010-700x400.jpg\" height=\"400\" width=\"700\" title=\"2010\" alt=\"\" class=\"slider-1875 slide-3640\" \/><img src=\"https:\/\/emad-caba.infd.edu.ar\/sitio\/wp-content\/uploads\/2021\/10\/201801021-700x400.jpg\" height=\"400\" width=\"700\" title=\"20180102(1)\" alt=\"\" class=\"slider-1875 slide-3625\" \/><img src=\"https:\/\/emad-caba.infd.edu.ar\/sitio\/wp-content\/uploads\/2021\/10\/2016-4-700x400.jpg\" height=\"400\" width=\"700\" title=\"2016 (4)\" alt=\"\" class=\"slider-1875 slide-3634\" \/><img src=\"https:\/\/emad-caba.infd.edu.ar\/sitio\/wp-content\/uploads\/2021\/10\/2016-1-700x400.jpg\" height=\"400\" width=\"700\" title=\"2016 (1)\" alt=\"\" class=\"slider-1875 slide-3635\" \/><img src=\"https:\/\/emad-caba.infd.edu.ar\/sitio\/wp-content\/uploads\/2021\/10\/201201-700x400.jpg\" height=\"400\" width=\"700\" title=\"201201\" alt=\"\" class=\"slider-1875 slide-3632\" \/><img src=\"https:\/\/emad-caba.infd.edu.ar\/sitio\/wp-content\/uploads\/2021\/10\/201801-3-700x400.jpg\" height=\"400\" width=\"700\" title=\"201801 (3)\" alt=\"\" class=\"slider-1875 slide-3630\" \/><\/div><\/div>\n        \n    <\/div>\n<\/div><\/p>\n\n\n<p><\/p>\n","protected":false},"excerpt":{"rendered":"<p>CURSO DE FORMACI\u00d3N PARA LA ACTUACI\u00d3N EN ESPACIOS ABIERTOS &#8211;\u00a0(DI 2023 236 GCABA DGEART ANEXOS) Sede PARQUE AVELLANEDA Centro de Artes Esc\u00e9nicas Antiguo Tambo, dentro del Centro Cultural Chacra de los Remedios: Av. Directorio y Lacarra -dentro del Parque Avellaneda-, CABA. https:\/\/goo.gl\/maps\/dZHbKcY3vUKbtXij7 El horario de cursada es de Lunes a Viernes de 9:00 h a &#8230; <a title=\"Curso de Formaci\u00f3n para la Actuaci\u00f3n en Espacios Abiertos\" class=\"read-more\" href=\"https:\/\/emad-caba.infd.edu.ar\/sitio\/curso-de-formacion-del-actor-actriz-para-la-actuacion-en-espacios-abiertos\/\" aria-label=\"More on Curso de Formaci\u00f3n para la Actuaci\u00f3n en Espacios Abiertos\">[+]<\/a><\/p>\n","protected":false},"author":195,"featured_media":0,"parent":0,"menu_order":0,"comment_status":"closed","ping_status":"closed","template":"","meta":[],"acf":[],"_links":{"self":[{"href":"https:\/\/emad-caba.infd.edu.ar\/sitio\/wp-json\/wp\/v2\/pages\/1224"}],"collection":[{"href":"https:\/\/emad-caba.infd.edu.ar\/sitio\/wp-json\/wp\/v2\/pages"}],"about":[{"href":"https:\/\/emad-caba.infd.edu.ar\/sitio\/wp-json\/wp\/v2\/types\/page"}],"author":[{"embeddable":true,"href":"https:\/\/emad-caba.infd.edu.ar\/sitio\/wp-json\/wp\/v2\/users\/195"}],"replies":[{"embeddable":true,"href":"https:\/\/emad-caba.infd.edu.ar\/sitio\/wp-json\/wp\/v2\/comments?post=1224"}],"version-history":[{"count":17,"href":"https:\/\/emad-caba.infd.edu.ar\/sitio\/wp-json\/wp\/v2\/pages\/1224\/revisions"}],"predecessor-version":[{"id":5989,"href":"https:\/\/emad-caba.infd.edu.ar\/sitio\/wp-json\/wp\/v2\/pages\/1224\/revisions\/5989"}],"wp:attachment":[{"href":"https:\/\/emad-caba.infd.edu.ar\/sitio\/wp-json\/wp\/v2\/media?parent=1224"}],"curies":[{"name":"wp","href":"https:\/\/api.w.org\/{rel}","templated":true}]}}