{"id":1220,"date":"2018-08-29T16:47:02","date_gmt":"2018-08-29T19:47:02","guid":{"rendered":"https:\/\/emad-caba.infd.edu.ar\/sitio\/curso-de-dramaturgia\/"},"modified":"2023-10-24T21:27:11","modified_gmt":"2023-10-25T00:27:11","slug":"curso-de-dramaturgia","status":"publish","type":"page","link":"https:\/\/emad-caba.infd.edu.ar\/sitio\/curso-de-dramaturgia\/","title":{"rendered":"Curso de Dramaturgia"},"content":{"rendered":"\n<figure class=\"wp-block-image size-large is-resized\"><img decoding=\"async\" loading=\"lazy\" src=\"https:\/\/emad-caba.infd.edu.ar\/sitio\/wp-content\/uploads\/2022\/10\/Drama-qr.png\" alt=\"\" class=\"wp-image-4353\" width=\"131\" height=\"131\"\/><\/figure>\n\n\n<p><strong><span style=\"font-size: 12pt;\">Coordinaci\u00f3n Curso de Dramaturgia<\/span><\/strong><\/p>\n<p><span style=\"font-size: 12pt;\">Ignacio Apolo<\/span><\/p>\n<p><span style=\"font-size: 12pt;\"><span style=\"text-decoration: underline;\"><strong>Duraci\u00f3n:<\/strong><\/span> 2 a\u00f1os<\/span><\/p>\n<p><span style=\"font-size: 12pt;\"><strong><span style=\"text-decoration: underline;\">D\u00edas y horarios de cursada:<\/span><\/strong> lunes y mi\u00e9rcoles de 9:00 h a 13.30 h.<\/span><\/p>\n<p><span style=\"font-size: 12pt;\"><span style=\"text-decoration: underline;\"><strong>Sede de cursada:<\/strong><\/span> Sarmiento 2573 CABA<\/span><\/p>\n<p class=\"style37\" style=\"text-align: justify;\"><span style=\"font-size: 12pt;\"><strong><span style=\"text-decoration: underline;\">Informaci\u00f3n:<\/span><\/strong> Sede Central, Sarmiento 2573.CABA.<\/span><\/p>\n<p class=\"style37\" style=\"text-align: justify;\"><span style=\"font-size: 12pt;\">Lunes a viernes en el horario de 10:00 h a 14.00 h.<\/span><\/p>\n<p><strong>Plan de estudios:\u00a0<\/strong><\/p>\n\n\n<div class=\"wp-block-file\"><a id=\"wp-block-file--media-3a7c17ac-476e-4073-8bc0-84a0b8540037\" href=\"https:\/\/emad-caba.infd.edu.ar\/sitio\/wp-content\/uploads\/2023\/10\/DI-2023-268-GCABA-DGEART-con-ANEXOS.pdf\">DI-2023-268-GCABA-DGEART-con-ANEXOS<\/a><a href=\"https:\/\/emad-caba.infd.edu.ar\/sitio\/wp-content\/uploads\/2023\/10\/DI-2023-268-GCABA-DGEART-con-ANEXOS.pdf\" class=\"wp-block-file__button wp-element-button\" download aria-describedby=\"wp-block-file--media-3a7c17ac-476e-4073-8bc0-84a0b8540037\"><\/a><\/div>\n\n\n\n<div class=\"wp-block-file\"><object class=\"wp-block-file__embed\" data=\"https:\/\/emad-caba.infd.edu.ar\/sitio\/wp-content\/uploads\/2023\/10\/DI-2023-268-GCABA-DGEART-con-ANEXOS.pdf\" type=\"application\/pdf\" style=\"width:100%;height:280px\" aria-label=\"Incrustado de <br&gt;<br&gt;.\"><\/object><a id=\"wp-block-file--media-bcd31303-0d1a-4606-a88c-c72f2897463f\" href=\"https:\/\/emad-caba.infd.edu.ar\/sitio\/wp-content\/uploads\/2023\/10\/DI-2023-268-GCABA-DGEART-con-ANEXOS.pdf\"><br><br><\/a><a href=\"https:\/\/emad-caba.infd.edu.ar\/sitio\/wp-content\/uploads\/2023\/10\/DI-2023-268-GCABA-DGEART-con-ANEXOS.pdf\" class=\"wp-block-file__button wp-element-button\" download aria-describedby=\"wp-block-file--media-bcd31303-0d1a-4606-a88c-c72f2897463f\"><br><\/a><\/div>\n","protected":false},"excerpt":{"rendered":"<p>Coordinaci\u00f3n Curso de Dramaturgia Ignacio Apolo Duraci\u00f3n: 2 a\u00f1os D\u00edas y horarios de cursada: lunes y mi\u00e9rcoles de 9:00 h a 13.30 h. Sede de cursada: Sarmiento 2573 CABA Informaci\u00f3n: Sede Central, Sarmiento 2573.CABA. Lunes a viernes en el horario de 10:00 h a 14.00 h. Plan de estudios:\u00a0<\/p>\n","protected":false},"author":195,"featured_media":0,"parent":0,"menu_order":0,"comment_status":"closed","ping_status":"closed","template":"","meta":[],"acf":[],"_links":{"self":[{"href":"https:\/\/emad-caba.infd.edu.ar\/sitio\/wp-json\/wp\/v2\/pages\/1220"}],"collection":[{"href":"https:\/\/emad-caba.infd.edu.ar\/sitio\/wp-json\/wp\/v2\/pages"}],"about":[{"href":"https:\/\/emad-caba.infd.edu.ar\/sitio\/wp-json\/wp\/v2\/types\/page"}],"author":[{"embeddable":true,"href":"https:\/\/emad-caba.infd.edu.ar\/sitio\/wp-json\/wp\/v2\/users\/195"}],"replies":[{"embeddable":true,"href":"https:\/\/emad-caba.infd.edu.ar\/sitio\/wp-json\/wp\/v2\/comments?post=1220"}],"version-history":[{"count":10,"href":"https:\/\/emad-caba.infd.edu.ar\/sitio\/wp-json\/wp\/v2\/pages\/1220\/revisions"}],"predecessor-version":[{"id":4904,"href":"https:\/\/emad-caba.infd.edu.ar\/sitio\/wp-json\/wp\/v2\/pages\/1220\/revisions\/4904"}],"wp:attachment":[{"href":"https:\/\/emad-caba.infd.edu.ar\/sitio\/wp-json\/wp\/v2\/media?parent=1220"}],"curies":[{"name":"wp","href":"https:\/\/api.w.org\/{rel}","templated":true}]}}